{"id":130,"date":"2022-10-10T16:32:29","date_gmt":"2022-10-10T16:32:29","guid":{"rendered":"http:\/\/sauerlandferienlager-beckum.de\/?page_id=130"},"modified":"2022-10-10T16:41:27","modified_gmt":"2022-10-10T16:41:27","slug":"datenschutz","status":"publish","type":"page","link":"https:\/\/sauerlandferienlager-beckum.de\/?page_id=130","title":{"rendered":"Datenschutz"},"content":{"rendered":"<h3><strong>Datenschutzerkl\u00e4rung<\/strong><\/h3>\n<p>Haben sie vielen Dank f\u00fcr Ihr Interesse an unserem Internetauftritt. Mit dieser Erkl\u00e4rung m\u00f6chten wir Sie gem\u00e4\u00df Art. 13 der Datenschutzgrundverordnung (DSGVO) dar\u00fcber informieren, welche Informationen w\u00e4hrend Ihres Besuchs auf unserer Webseite erfasst und wie diese Informationen genutzt und verarbeitet werden. Der Schutz Ihrer pers\u00f6nlichen Daten und die Wahrung Ihrer Privatsph\u00e4re ist uns ein wichtiges Anliegen. Daher erfolgt die Erhebung, Speicherung und Verarbeitung von Daten unserer Besucher\/Nutzer immer in \u00dcbereinstimmung mit den geltenden Datenschutzgesetzen und erg\u00e4nzenden Bestimmungen. Um zu gew\u00e4hrleisten, dass Sie in vollem Umfang \u00fcber die Verwendung personenbezogener Daten auf unserer Homepage informiert sind, nehmen Sie bitte nachstehende Informationen zur Kenntnis.<\/p>\n<p><strong>INFORMATIONEN \u00dcBER DIE ERHEBUNG PERSONENBEZOGENER DATEN UND KONTAKTDATEN DES VERANTWORTLICHEN<\/strong><\/p>\n<ol>\n<li><strong>VERANTWORTLICH<\/strong><\/li>\n<\/ol>\n<p>Verantwortlich f\u00fcr die Datenverarbeitung auf dieser Website im Sinne der DSGVO und anderer datenschutzrechtlicher Bestimmungen ist:<\/p>\n<p>Pfarrgemeinde St. Stephanus<br \/>\nleitender Pfarrer: Propst Rainer B. Irmgedruth<br \/>\nClemens-August-Str. 25, 59269 Beckum, Tel. 02521.3096<\/p>\n<p>Die f\u00fcr die Verarbeitung von personenbezogenen Daten Verantwortliche ist diejenige nat\u00fcrliche oder juristische Person, die allein oder gemeinsam mit anderen \u00fcber die Zwecke und Mittel der Verarbeitung von personenbezogenen Daten entscheidet. Erreichen k\u00f6nne Sie diese \u00fcber die o.g. Kontaktdaten.<\/p>\n<ol start=\"2\">\n<li><strong>DATENERFASSUNG BEIM BESUCH UNSERER WEBSITE<\/strong><\/li>\n<\/ol>\n<p>Bei der blo\u00df informatorischen Nutzung unserer Website, also wenn Sie uns keine anderweitigen Informationen \u00fcbermitteln, erheben wir nur solche Daten, die uns Ihr Browser \u00fcbermittelt (sog. \u201eServer-Logfiles\u201c). Wenn Sie unsere Website aufrufen, erfasst unser System automatisiert Daten und Informationen vom Computersystem Ihres Rechners, die f\u00fcr uns technisch erforderlich sind, um Ihnen die Website anzuzeigen.<\/p>\n<p><strong>2.1 Folgende Daten werden hierbei erhoben:<\/strong><\/p>\n<p>\u2013 Informationen \u00fcber den Browsertyp und die verwendete Version<br \/>\n\u2013 das Betriebssystem des Nutzers<br \/>\n\u2013 den Internet-Service-Provider des Nutzers<br \/>\n\u2013 die IP-Adresse des Nutzers in anonymisierter Form<br \/>\n\u2013 Datum und Uhrzeit des Zugriffs<br \/>\n\u2013 Websites, von denen das System des Nutzers auf unsere Internetseite gelangt<br \/>\n\u2013 Websites, die vom System des Nutzers \u00fcber unsere Website aufgerufen werden<br \/>\n\u2013 vom anfordernden Rechner \u00fcbermittelte Eingabewerte (z.B. die Zieldatei); Zugriffsstatus des Webservers (z.B. Datei\u00fcbertrag, Datei nicht gefunden etc.)<\/p>\n<p>Im Internet ben\u00f6tigt jedes Ger\u00e4t zur \u00dcbertragung von Daten eine eindeutige Adresse, die sogenannte IP-Adresse. Die zumindest kurzzeitige Speicherung der IP-Adresse ist aufgrund der Funktionsweise des Internets technisch erforderlich.<\/p>\n<p><strong>2.2 Rechtsgrundlage der Datenverarbeitung<\/strong><\/p>\n<p>Rechtsgrundlage f\u00fcr die vor\u00fcbergehende Speicherung der Daten ist Art. 6 Abs. 1 Lit. f DSGVO.<\/p>\n<p><strong>2.3 Zweck der Datenverarbeitung<\/strong><\/p>\n<p>Die vor\u00fcbergehende Speicherung dieser Daten durch das System ist notwendig, um einen reibungslosen Verbindungsaufbau, eine komfortable Nutzung unserer Website zu gew\u00e4hrleisten und um dem Nutzer das Onlineangebot, seine Funktionen und Inhalte zur Verf\u00fcgung stellen zu k\u00f6nnen. Des Weiteren werden die Daten auf Basis unseres Interesses an der Verbesserung der Stabilit\u00e4t und Funktionalit\u00e4t unserer Website, f\u00fcr statistische Auswertungen zur Optimierung der Dienste und f\u00fcr sicherheitstechnische \u00dcberpr\u00fcfungen genutzt. Eine Weitergabe, anderweitige Verwendung dieser Daten sowie Speicherung dieser Daten indet nicht statt.<\/p>\n<p><strong>2.4 Widerspruchs- und Beseitigungsm\u00f6glichkeiten<\/strong><\/p>\n<p>siehe Ziffer 7: RECHTE DES BETROFFENEN<\/p>\n<ol start=\"3\">\n<li><strong>UMFANG DER ERFASSUNG UND VERARBEITUNG PERSONENBEZOGENER DATEN DURCH TELEFONATE UND E-MAIL-KONTAKT<\/strong><\/li>\n<\/ol>\n<p>Wir bieten Ihnen auf unserer Website die M\u00f6glichkeit, mit uns telefonisch oder per E-Mail in Verbindung zu treten. Wenn Sie uns per Telefon oder \u00fcber die bereitgestellte E-Mail-Adresse kontaktieren, werden die von Ihnen \u00fcbermittelten personenbezogenen Daten des Nutzers gespeichert.<\/p>\n<p><strong>3.1 Verwendete Begriffe<\/strong><\/p>\n<p>Gem\u00e4\u00df \u00a7 4 DSGVO bezeichnet der Ausdruck:<\/p>\n<ol>\n<li>\u201ePersonenbezogene Daten\u201c sind alle Informationen, die sich auf eine identifizierte oder identifizierbare nat\u00fcrliche Person (im Folgenden \u201ebetroffene Person\u201c) beziehen; als identifizierbar wird eine nat\u00fcrliche Person angesehen, die direkt oder indirekt, insbesondere mittels Zuordnung zu einer Kennung wie einem Namen, zu einer Kennnummer, zu Standortdaten, zu einer Online-Kennung oder zu einem oder mehreren besonderen Merkmalen identifiziert werden kann, die Ausdruck der physischen, physiologischen, genetischen, psychischen, wirtschaftlichen,kulturellen oder sozialen Identit\u00e4t dieser nat\u00fcrlichen Person sind.<\/li>\n<li>\u201eBetroffene Person\u201c ist jede identifizierte oder identifizierbare nat\u00fcrliche Person, deren personenbezogene Daten von dem f\u00fcr die Verarbeitung Verantwortlichen verarbeitet werden.<\/li>\n<li>\u201eVerarbeitung\u201c ist jeder mit oder ohne Hilfe automatisierter Verfahren ausgef\u00fchrten Vorgang oder jede solche Vorgangsreihe im Zusammenhang mit personenbezogenen Daten wie das Erheben, das Erfassen, die Organisation, das Ordnen, die Speicherung, die Anpassung oder Ver\u00e4nderung, das Auslesen, das Abfragen, die Verwendung, die Offenlegung durch \u00dcbermittlung, Verbreitung oder eine andere Form der Bereitstellung, den Abgleich oder die Verkn\u00fcpfung, die Einschr\u00e4nkung, das L\u00f6schen oder die Vernichtung.<\/li>\n<\/ol>\n<p>Definitionen zu sonstigen relevanten Begriffen finden Sie unter dem Link:<\/p>\n<figure>https:\/\/www.datenschutz-grundverordnung.eu\/grundverordnung\/art-4-ds-gvo\/embed\/#?secret=RUfb905zkc<\/figure>\n<p><strong>3.2 Daten, die ggf. erhoben erden (je nach Bearbeitungsnotwendigkeit)<\/strong><\/p>\n<p>\u2013 Anrede (Herr \/ Frau \/ Titel)<br \/>\n\u2013 Name \/ Vorname<br \/>\n\u2013 E-Mail-Adresse<br \/>\n\u2013 Telefon<br \/>\n\u2013 Telefax<br \/>\n\u2013 Anschrift<\/p>\n<p>Es erfolgt in diesem Zusammenhang keine Weitergabe dieser Daten an Dritte.<\/p>\n<p><strong>3.3 Zweck der Datenverarbeitung<\/strong><\/p>\n<p>Die Verarbeitung der eingehenden personenbezogenen Daten dient uns allein zur gew\u00fcnschten Kontaktaufnahme und zur ordnungsgem\u00e4\u00dfen Bearbeitung Ihres Anliegens.<\/p>\n<p><strong>3.4 Rechtsgrundlage f\u00fcr die Datenverarbeitung<\/strong><\/p>\n<p>Rechtsgrundlage f\u00fcr die Verarbeitung der Daten bei der Kontaktaufnahme mit uns (per Telefon oder E-Mail) ist bei Vorliegen einer Einwilligung des Nutzers Art. 6 Abs. 1 lit. a DSGVO, zur Bearbeitung der Kontaktanfrage und deren Abwicklung Art. 6 Abs. 1 lit. b DSGVO (im Rahmen vertraglicher\/vorvertraglicher Beziehungen) oder bei anderen Anfrage Art. 6 Abs. 1 lit. f DSGVO. Des weiteren ergibt sich die Rechtsgrundlage f\u00fcr die Verarbeitung besonderer Kategorien Ihrer personenbezogener Daten aus Art. 9 Abs. 2 lit. h DSGVO i.V.m. \u00a7 22 Abs. 2 Nr. 1 lit. b) Bundesdatenschutzgesetz.<\/p>\n<p><strong>3.5 Widerspruchs- und Beseitigungsm\u00f6glichkeit<\/strong><\/p>\n<p>siehe Ziffer 7. RECHTE DES BETROFFENEN<\/p>\n<ol start=\"4\">\n<li><strong>COOKIES<\/strong><\/li>\n<\/ol>\n<p><strong>4.1 \u00dcber Cookies<\/strong><\/p>\n<p>Um den Besuch unserer Website attraktiv zu gestalten und die Nutzung bestimmter Funktionen zu erm\u00f6glichen, verwenden wir auf verschiedenen Seiten sog. Cookies. Hierbei handelt es sich um kleine Dateien, die Ihr Browser automatisch erstellt und die auf Ihrem Endger\u00e4t (Laptop, Tablet, Smartphone o.\u00e4.) gespeichert werden, wenn Sie unsere Webseite besuchen. Cookies richten auf Ihrem Endger\u00e4t keinen Schaden an, enthalten keine Viren, Trojaner oder sonstige Schadsoftware. In dem Cookie werden Informationen abgelegt, die sich jeweils im Zusammenhang mit dem spezifisch eingesetzten Endger\u00e4t ergeben. Dies bedeutet jedoch nicht, dass wir dadurch Kenntnis von Ihrer Identit\u00e4t erhalten.<\/p>\n<p><strong>4.2 Verwendung von Cookies<\/strong><\/p>\n<p>Wir verwenden auf unserer Website ausschlie\u00dflich technisch notwendige Cookies. Der Einsatz dieser Cookies dient einerseits dazu, die Nutzung unseres Angebots f\u00fcr Sie angenehmer zu gestalten und andererseits die Nutzung von Websites f\u00fcr Nutzer zu vereinfachen. Einige Funktionen unserer Internetseite k\u00f6nnen ohne den Einsatz von Cookies nicht angeboten werden. Einige der von uns verwendeten Cookies werden nach dem Ende der Browser-Sitzung, also nach dem Schlie\u00dfen Ihres Browsers, wieder gel\u00f6scht (sog. Sitzungs-Cookies).<br \/>\nDar\u00fcber hinaus setzen wir ebenfalls zur Optimierung der Benutzerfreundlichkeit tempor\u00e4re Cookies ein, die f\u00fcr einen bestimmten Zeitraum auf Ihrem Endger\u00e4t gespeichert werden. Besuchen Sie unsere Website erneut, wird automatisch erkannt, dass Sie bereits bei uns auf der Homepage waren und welche Eingaben und Einstellungen Sie get\u00e4tigt haben. Cookies zur statistischen Erfassung der Websitenutzung setzen wir nicht ein.<\/p>\n<p><strong>4.3 Rechtsgrundlage f\u00fcr die Datenverarbeitung<\/strong><\/p>\n<p>Sofern durch einzelne von uns implementierte Cookies auch personenbezogene Daten verarbeitet werden, erfolgt die Verarbeitung auf der Rechtsgrundlage des Art. 6 Abs. 1 lit. b DSGVO entweder zur Durchf\u00fchrung der Dienstleistung oder gem\u00e4\u00df Art. 6 Abs. 1 lit. f DSGV zur Wahrung unseres berechtigten Interesses an der bestm\u00f6glichen Funktionalit\u00e4t der Website sowie einer kundenfreundlichen und effektiven Ausgestaltung des Seitenbesuchs. Die meisten Browser akzeptieren Cookies automatisch. Sie k\u00f6nnen Ihren Browser jedoch so konfigurieren, dass keine Cookies auf Ihrem Computer gespeichert werden oder stets ein Hinweis erscheint, bevor ein neuer Cookie angelegt wird. Browser unterscheiden sich in der Art, wie sie die Cookie-Einstellungen verwalten. Diese sind in dem Hilfemen\u00fc der Browser beschrieben; dort wird erl\u00e4utert, wie Sie Ihre Cookie-Einstellungen \u00e4ndern k\u00f6nnen. Diese finden Sie f\u00fcr die jeweiligen Browser unter den folgenden Links:<\/p>\n<p>Internet Explorer: http:\/\/windows.microsoft.com\/de-DE\/windows-vista\/Block-or-allow-cookies<br \/>\nFirefox: https:\/\/support.mozilla.org\/de\/kb\/cookies-erlauben-und-ablehnen<br \/>\nChrome: http:\/\/support.google.com\/chrome\/bin\/answer.py?hl=de&amp;hlrm=en&amp; answer=95647<br \/>\nSafari: https:\/\/support.apple.com\/kb\/ph21411?locale=de_DE<br \/>\nOpera: http:\/\/help.opera.com\/Windows\/10.20\/de\/cookies.html<\/p>\n<p>Bitte beachten Sie, dass durch die Nichtannahme von Cookies die Funktionalit\u00e4t unserer Website eingeschr\u00e4nkt sein kann und Sie nicht alle Funktionen unserer Website nutzen k\u00f6nnen.<\/p>\n<ol start=\"5\">\n<li><strong>EINSATZ VON ANALYSE-TOOLS, TOOLS UND PLUGINS<\/strong><\/li>\n<\/ol>\n<p><strong>5.1 Einsatz Web-Analytics<\/strong><\/p>\n<p>Tools zur Analyse des Nutzungsverhaltens der Besucher unserer Internetseiten werden nicht eingesetzt.<\/p>\n<p><strong>5.2 Social-Plugins<\/strong><\/p>\n<p>Social-Plugins wie z.B. Facebook, Twitter, YouTube etc. werden auf unserer Homepage nicht genutzt.<\/p>\n<p><strong>5.3 Google Maps<\/strong><\/p>\n<p>Wir setzen auf unserer Seite die Komponente \u201eGoogle Maps\u201c der Firma Google Inc., 1600 Amphitheatre Parkway, Mountain View, CA 94043 USA, nachfolgend \u201eGoogle\u201c ein. Bei jedem Aufruf der Komponente \u201eGoogle Maps\u201c wird von Google ein Cookie gesetzt, um bei der Anzeige der Seite, auf der die Komponente \u201eGoogle Maps\u201c integriert ist, Nutzereinstellungen und -daten (einschlie\u00dflich der IP-Adresse) zu verarbeiten sowie an den Server von Google zu \u00fcbertragen und dort zu speichern. Die Daten k\u00f6nnen in den USA verarbeitet werden. Dieses Cookie wird im Regelfall nicht durch das Schlie\u00dfen des Browsers gel\u00f6scht, sondern l\u00e4uft nach einer bestimmten Zeit ab, soweit es nicht von Ihnen zuvor manuell gel\u00f6scht wird. Wenn Sie mit dieser Verarbeitung Ihrer Daten nicht einverstanden sind, besteht die M\u00f6glichkeit, den Service \u201eGoogle Maps\u201c zu deaktivieren und auf diesem Weg die \u00dcbertragung von Daten an Google zu verhindern. Dazu m\u00fcssen Sie die Java-Script-Funktion in Ihrem Browser deaktivieren. Wir weisen Sie jedoch darauf hin, dass Sie in diesem Fall die \u201eGoogle Maps\u201c nicht oder nur eingeschr\u00e4nkt nutzen k\u00f6nnen. Die Nutzung von \u201eGoogle Maps\u201c und das Erlanen von Informationen durch \u201eGoogle Maps\u201c erfolgt gem\u00e4\u00df den Google-Nutzungsbedingungen https:\/\/policies.google.com\/terms?hl=de&amp;gl=de sowie der zus\u00e4tzlichen Gesch\u00e4ftsbedingungen f\u00fcr \u201eGoogle Maps\u201c https:\/\/www.google.com\/intl\/de_de\/help\/terms_maps.html<\/p>\n<ol start=\"6\">\n<li><strong>DAUER DER SPEICHERUNG PERSONENBEZOGENER DATEN<\/strong><\/li>\n<\/ol>\n<p>Die personenbezogenen Daten bewahren wir nur solange auf, wie dies f\u00fcr unsere Gesch\u00e4ftsbeziehung erforderlich ist. Aufgrund gesetzlicher Vorgaben (z.B. handels- oder steuerrechtlich) sind wir jedoch dazu verpflichtet, diese Daten mindestens 10 Jahre aufzubewahren. Nach Ablauf der Frist werden die entsprechenden Daten routinem\u00e4\u00dfig gel\u00f6scht, sofern sie nicht mehr zu Vertragserf\u00fcllung oder Vertragsanbahnung erforderlich sind und\/oder unsererseits kein berechtigtes Interesse an der Weiterspeicherung fortbesteht.<\/p>\n<ol start=\"7\">\n<li><strong>RECHTE DES BETROFFENEN AUF AUSKUNFT, BERICHTIGUNG, SPERRE, L\u00d6SCHUNG UND WIDERSPRUCH<\/strong><\/li>\n<\/ol>\n<p>Wenn Ihre personenbezogene Daten verarbeitet werden, sind Sie \u201eBetroffener\u201c i.S.d. DSGVO. Dementsprechend gew\u00e4hrt Ihnen das geltende Datenschutzrecht gegen\u00fcber der Verantwortlichen hinsichtlich der Verarbeitung Ihrer Daten umfassende Betroffenenrechte (Auskunfts- und Interventionsrechte), \u00fcber die wir Sie nachstehend informieren:<\/p>\n<p><strong>7.1 Auskunftsrecht gem\u00e4\u00df Art. 15 DSGVO<\/strong><\/p>\n<p>Sie haben insbesondere ein Recht auf Auskunft \u00fcber Ihre von uns verarbeiteten personenbezogenen Daten, die Verarbeitungszwecke, die Kategorien der verarbeiteten personenbezogenen Daten, die Empf\u00e4nger oder Kategorien von Empf\u00e4ngern, gegen\u00fcber denen Ihre Daten offengelegt wurden oder werden, die geplante Speicherdauer bzw. die Kriterien f\u00fcr die Festlegung der Speicherdauer, das Bestehen eines Rechts auf Berichtigung, L\u00f6schung, Einschr\u00e4nkung der Verarbeitung, Widerspruch gegen die Verarbeitung, Beschwerde bei einer Aufsichtsbeh\u00f6rde, die Herkunft Ihrer Daten, wenn diese nicht durch uns bei Ihnen erhoben wurden, das Bestehen einer automatisierten Entscheidungsfindung einschlie\u00dflich Profiling und ggf. aussagekr\u00e4ftige Informationen \u00fcber die involvierte Logik und die Sie betreffende Tragweite und die angestrebten Auswirkungen einer solchen Verarbeitung sowie Ihr Recht auf Unterrichtung, welche Garantien gem\u00e4\u00df Art. 46 DSGVO bei Weiterleitung Ihrer Daten in Drittl\u00e4nder bestehen.<\/p>\n<p><strong>7.2 Recht auf Berichtigung gem\u00e4\u00df Art. 16 DSGVO<\/strong><\/p>\n<p>Sie haben ein Recht auf unverz\u00fcgliche Berichtigung Sie betreffender unrichtiger Daten und\/oder Vervollst\u00e4ndigung Ihrer bei uns gespeicherten unvollst\u00e4ndigen Daten.<\/p>\n<p><strong>7.3 Recht auf L\u00f6schung gem\u00e4\u00df Art. 17 DSGVO<\/strong><\/p>\n<p>Sie haben das Recht, die L\u00f6schung Ihrer personenbezogenen Daten bei Vorliegen der Voraussetzungen des Art. 17 Abs. 1 DSGVO zu verlangen. Dieses Recht besteht jedoch insbesondere dann nicht, wenn die Verarbeitung zur Aus\u00fcbung des Rechts auf freie Meinungs\u00e4u\u00dferung und Information, zur Erf\u00fcllung einer rechtlichen Verpflichtung, aus Gr\u00fcnden des \u00f6ffentlichen Interesses oder zur Geltendmachung, Aus\u00fcbung oder Verteidigung von Rechtsanspr\u00fcchen erforderlich ist.<\/p>\n<p><strong>7.4 Recht auf Einschr\u00e4nkung der Verarbeitung gem\u00e4\u00df Art. 18 DSGVO<\/strong><\/p>\n<p>Sie haben das Recht, die Einschr\u00e4nkung der Verarbeitung Ihrer personenbezogenen Daten zu verlangen, solange die von Ihnen bestrittene Richtigkeit Ihrer Daten \u00fcberpr\u00fcft wird, wenn Sie eine L\u00f6schung Ihrer Daten wegen unzul\u00e4ssiger Datenverarbeitung ablehnen und stattdessen die Einschr\u00e4nkung der Verarbeitung Ihrer Daten verlangen, wenn Sie Ihre Daten zur Geltendmachung, Aus\u00fcbung oder Verteidigung von Rechtsanspr\u00fcchen ben\u00f6tigen, nachdem wir diese Daten nach Zweckerreichung nicht mehr ben\u00f6tigen oder wenn Sie Widerspruch aus Gr\u00fcnden Ihrer besonderen Situation eingelegt haben, solange noch nicht feststeht, ob unsere berechtigten Gr\u00fcnde \u00fcberwiegen.<\/p>\n<p><strong>7.5 Recht auf Unterrichtung gem\u00e4\u00df Art. 19 DSGVO<\/strong><\/p>\n<p>Haben Sie das Recht auf Berichtigung, L\u00f6schung oder Einschr\u00e4nkung der Verarbeitung gegen\u00fcber dem Verantwortlichen geltendgemacht, ist dieser verpflichtet, allen Empf\u00e4ngern, denen die Sie betreffenden personenbezogenen Daten offengelegt wurden, diese Berichtigung oder L\u00f6schung der Daten oder Einschr\u00e4nkung der Verarbeitung mitzuteilen, es sei denn, dies erweist sich als unm\u00f6glich oder ist mit einem unverh\u00e4ltnism\u00e4\u00dfigen Aufwand verbunden. Ihnen steht das Recht zu, \u00fcber diese Empf\u00e4nger unterrichtet zu werden. Recht auf Daten\u00fcbertragbarkeit gem\u00e4\u00df Art. 20 DSGVO: Sie haben das Recht, Ihre personenbezogenen Daten, die Sie uns bereitgestellt haben, in einem strukturierten, g\u00e4ngigen und maschinenlesebaren Format zu erhalten oder die \u00dcbermittlung an einen anderen Verantwortlichen zu verlangen, soweit dies technisch machbar ist.<\/p>\n<p><strong>7.6 Recht auf Widerruf erteilter Einwilligungen gem\u00e4\u00df Art. 7 Abs. 3 DSGVO<\/strong><\/p>\n<p>Sie haben das Recht, eine einmal erteilte Einwilligung in die Verarbeitung von Daten jederzeit mit Wirkung f\u00fcr die Zukunft zu widerrufen. Im Falle des Widerrufs werden wir die betroffenen Daten unverz\u00fcglich l\u00f6schen, sofern eine weitere Verarbeitung nicht auf eine Rechtsgrundlage zur einwilligungslosen Verarbeitung gest\u00fctzt werden kann. Durch den Widerruf der Einwilligung wird die Rechtm\u00e4\u00dfigkeit der aufgrund der Einwilligung bis zum Widerruf erfolgten Verarbeitung nicht ber\u00fchrt.<\/p>\n<p><strong>7.7 Recht auf Beschwerde gem\u00e4\u00df Art. 77 DSGVO<\/strong><\/p>\n<p>Wenn Sie der Ansicht sind, dass die Verarbeitung der Sie betreffenden personenbezogenen Daten gegen die DSGVO verst\u00f6\u00dft, haben Sie \u2013 unbeschadet eines anderweitigen verwaltungsrechtlichen oder gerichtlichen Rechtsbehelfs \u2013 das Recht auf Beschwerde bei einer Aufsichtsbeh\u00f6rde, insbesondere in dem Mitgliedstaat Ihres Aufenthaltsortes, Ihres Arbeitsplatzes oder des Ortes des mutma\u00dflichen Versto\u00dfes<\/p>\n<p>Die Anschrift der Aufsichtsbeh\u00f6rde lautet:<br \/>\nDie Landesbeauftragte f\u00fcr Datenschutz und Informationsfreiheit Nordrhein-Westfalen<br \/>\nKavalleriestr. 2-4 \/ D-40213 D\u00fcsseldorf<br \/>\nTelefon: 0211.34424-0 \/ E-Mail: poststelle@ldi.nrw.de \/ Homepage: www.ldi.nrw.de<\/p>\n<p>Weitere Aufsichtsbeh\u00f6rden finden Sie unter dem Link:<br \/>\nhttps:\/\/www.was-ist-datenschutz.de\/fuer-betroffene\/aufsichtsbehoerden-datenschutz-indeutschland.html<\/p>\n<p><strong>7.8 WIDERSPRUCHSRECHT<\/strong><\/p>\n<p>Wenn wir im Rahmen einer Interessenabw\u00e4gung Ihre personenbezogenen Daten aufgrund unseres \u00fcberwiegenden berechtigten Interesses verarbeiten, haben Sie gem\u00e4\u00df Art. 21 DSGVO das jederzeitige Recht, aus Gr\u00fcnden, die sich aus Ihrer besonderen Situation ergeben, gegen diese Verarbeitung Widerspruch mit Wirkung f\u00fcr die Zukunft einzulegen. Machen Sie von Ihrem Widerspruchsrecht Gebrauch, beenden wir die Verarbeitung der betroffenen Daten. Eine Weiterverarbeitung bleibt aber vorbehalten, wenn wir zwingende schutzw\u00fcrdige Gr\u00fcnde f\u00fcr die Verarbeitung nachweisen k\u00f6nnen, die Ihre Interessen, Grundrechte und Grundfreiheiten \u00fcberwiegen, oder wenn die Verarbeitung der Geltendmachung, Aus\u00fcbung oder Verteidigung von Rechtsanspr\u00fcchen dient. Werden Ihre personenbezogenen Daten von uns verarbeitet, um Direktwerbung zu betreiben, haben Sie das Recht, jederzeit Widerspruch gegen die Verarbeitung Sie betreffender personenbezogener Daten zum Zwecke derartiger Werbung einzulegen. M\u00f6chten Sie von Ihrem Widerspruchsrecht Gebrauch machen, gen\u00fcgt eine E-Mail an: \u00a0theodor.schulte.beckum@t-online.de<\/p>\n<ol start=\"8\">\n<li><strong>EMPF\u00c4NGER IHRER DATEN \/ ZUSAMMENARBEIT MIT AUFTRAGSVERARBEITERN UND DRITTEN<\/strong><\/li>\n<\/ol>\n<p>Wir \u00fcbermitteln Ihre personenbezogenen Daten nicht an Dritte.<\/p>\n<ol start=\"9\">\n<li><strong>SSL-VERSCHL\u00dcESSELUNG \/ SICHERHEITSMASSNAHMEN<\/strong><\/li>\n<\/ol>\n<p>Unsere Website nutzt aus Gr\u00fcnden der Sicherheit und zum Schutz der \u00dcbertragung aller Inhalte das verbreitete SSL-Verfahren (Secure Socket Layer) in Verbindung mit der jeweils h\u00f6chsten Verschl\u00fcsselungsstufe, die von Ihrem Browser unterst\u00fctzt wird. In der Regel handelt es sich dabei um eine 256-Bit-Verschl\u00fcsselung. Falls Ihr Browser keine 256-Bit-Verschl\u00fcsselung unterst\u00fctzt, greift die Technik auf 128-Bit v3-Technologie zur\u00fcck. Ob eine einzelne Seite dieses Internetauftrittes verschl\u00fcsselt \u00fcbertragen wird, erkennen Sie an der geschlossenen Darstellung des Sch\u00fcssel- bzw. Schloss-Symbols in der unteren Statusleiste Ihres Browsers. Durch die SSL-Verschl\u00fcsselung k\u00f6nnen die Daten, die Sie an uns \u00fcbermitteln, nicht von Dritten mitgelesen werden. Wir bedienen uns im \u00dcbrigen geeigneter technischer und organisatorischer Sicherheitsma\u00dfnahmen, um Ihre Daten gegen zuf\u00e4llige oder vors\u00e4tzliche Manipulationen, teilweisen oder vollst\u00e4ndigen Verlust, Zerst\u00f6rung oder gegen den unbefugten Zugriff Dritter zu sch\u00fctzen. Unsere Sicherheitsma\u00dfnahmen werden entsprechend der technologischen Entwicklung fortlaufend verbessert.<\/p>\n<ol start=\"10\">\n<li><strong>WEITERE INFORMATIONEN UND KONTAKTE<\/strong><\/li>\n<\/ol>\n<p>Wenn Sie weitere Fragen zum Thema \u201eDatenschutz\u201c haben, kontaktieren Sie uns bitte. Die Kontaktadresse finden Sie unter Ziffer 1. oder in unserem Impressum.<br \/>\nBei Fragen oder Anmerkungen erreichen Sie uns unter\u00a0ststephnaus-beckum@bistum-muenster.de<\/p>\n","protected":false},"excerpt":{"rendered":"<p>Datenschutzerkl\u00e4rung Haben sie vielen Dank f\u00fcr Ihr Interesse an unserem Internetauftritt. Mit dieser Erkl\u00e4rung m\u00f6chten wir Sie gem\u00e4\u00df Art. 13 der Datenschutzgrundverordnung (DSGVO) dar\u00fcber informieren, welche Informationen w\u00e4hrend Ihres Besuchs auf unserer Webseite erfasst und wie diese Informationen genutzt und verarbeitet werden. Der Schutz Ihrer pers\u00f6nlichen Daten und die Wahrung Ihrer Privatsph\u00e4re ist uns ein&hellip; <a class=\"more-link\" href=\"https:\/\/sauerlandferienlager-beckum.de\/?page_id=130\"><span class=\"screen-reader-text\">Datenschutz<\/span> weiterlesen<\/a><\/p>\n","protected":false},"author":1,"featured_media":0,"parent":0,"menu_order":0,"comment_status":"closed","ping_status":"closed","template":"","meta":{"footnotes":""},"class_list":["post-130","page","type-page","status-publish","hentry","entry"],"_links":{"self":[{"href":"https:\/\/sauerlandferienlager-beckum.de\/index.php?rest_route=\/wp\/v2\/pages\/130","targetHints":{"allow":["GET"]}}],"collection":[{"href":"https:\/\/sauerlandferienlager-beckum.de\/index.php?rest_route=\/wp\/v2\/pages"}],"about":[{"href":"https:\/\/sauerlandferienlager-beckum.de\/index.php?rest_route=\/wp\/v2\/types\/page"}],"author":[{"embeddable":true,"href":"https:\/\/sauerlandferienlager-beckum.de\/index.php?rest_route=\/wp\/v2\/users\/1"}],"replies":[{"embeddable":true,"href":"https:\/\/sauerlandferienlager-beckum.de\/index.php?rest_route=%2Fwp%2Fv2%2Fcomments&post=130"}],"version-history":[{"count":16,"href":"https:\/\/sauerlandferienlager-beckum.de\/index.php?rest_route=\/wp\/v2\/pages\/130\/revisions"}],"predecessor-version":[{"id":149,"href":"https:\/\/sauerlandferienlager-beckum.de\/index.php?rest_route=\/wp\/v2\/pages\/130\/revisions\/149"}],"wp:attachment":[{"href":"https:\/\/sauerlandferienlager-beckum.de\/index.php?rest_route=%2Fwp%2Fv2%2Fmedia&parent=130"}],"curies":[{"name":"wp","href":"https:\/\/api.w.org\/{rel}","templated":true}]}}