{"id":14,"date":"2022-02-23T18:39:19","date_gmt":"2022-02-23T18:39:19","guid":{"rendered":"https:\/\/sauerlandferienlager-beckum.de\/?page_id=14"},"modified":"2026-01-03T20:42:20","modified_gmt":"2026-01-03T19:42:20","slug":"anmeldeformulare","status":"publish","type":"page","link":"https:\/\/sauerlandferienlager-beckum.de\/?page_id=14","title":{"rendered":"Anmeldeformulare"},"content":{"rendered":"\n<div data-wp-interactive=\"core\/file\" class=\"wp-block-file\"><object data-wp-bind--hidden=\"!state.hasPdfPreview\" hidden class=\"wp-block-file__embed\" data=\"https:\/\/sauerlandferienlager-beckum.de\/wp-content\/uploads\/2026\/01\/Anmeldung-2026-1.pdf\" type=\"application\/pdf\" style=\"width:100%;height:600px\" aria-label=\"Einbettung von Anmeldung 2026.\"><\/object><a id=\"wp-block-file--media-a86e81e1-7513-40d9-a924-6f1d7fb71cae\" href=\"https:\/\/sauerlandferienlager-beckum.de\/wp-content\/uploads\/2026\/01\/Anmeldung-2026-1.pdf\">Anmeldung 2026<\/a><a href=\"https:\/\/sauerlandferienlager-beckum.de\/wp-content\/uploads\/2026\/01\/Anmeldung-2026-1.pdf\" class=\"wp-block-file__button wp-element-button\" download aria-describedby=\"wp-block-file--media-a86e81e1-7513-40d9-a924-6f1d7fb71cae\">Herunterladen<\/a><\/div>\n\n\n\n\n\n<div class=\"wp-block-media-text is-stacked-on-mobile\"><figure class=\"wp-block-media-text__media\"><\/figure><div class=\"wp-block-media-text__content\">\n<p><\/p>\n<\/div><\/div>\n\n\n\n<div class=\"wp-block-columns is-layout-flex wp-container-core-columns-is-layout-9d6595d7 wp-block-columns-is-layout-flex\">\n<div class=\"wp-block-column is-layout-flow wp-block-column-is-layout-flow\" style=\"flex-basis:100%\"><\/div>\n<\/div>\n\n\n\n<div class=\"wp-block-columns is-style-default is-layout-flex wp-container-core-columns-is-layout-9d6595d7 wp-block-columns-is-layout-flex\">\n<div class=\"wp-block-column is-layout-flow wp-block-column-is-layout-flow\" style=\"flex-basis:100%\">\n<div data-wp-interactive=\"core\/file\" class=\"wp-block-file\"><object data-wp-bind--hidden=\"!state.hasPdfPreview\" hidden class=\"wp-block-file__embed\" data=\"https:\/\/sauerlandferienlager-beckum.de\/wp-content\/uploads\/2026\/01\/Einverstaendniserklaerung-fuer-das-Sauerlandferienlager-St.pdf\" type=\"application\/pdf\" style=\"width:100%;height:600px\" aria-label=\"Einbettung von Einverst\u00e4ndniserkl\u00e4rung f\u00fcr das Sauerlandferienlager St.\"><\/object><a id=\"wp-block-file--media-e35e1ae5-9c7d-4fa9-8a8e-47e4d48ed762\" href=\"https:\/\/sauerlandferienlager-beckum.de\/wp-content\/uploads\/2026\/01\/Einverstaendniserklaerung-fuer-das-Sauerlandferienlager-St.pdf\">Einverst\u00e4ndniserkl\u00e4rung f\u00fcr das Sauerlandferienlager St<\/a><a href=\"https:\/\/sauerlandferienlager-beckum.de\/wp-content\/uploads\/2026\/01\/Einverstaendniserklaerung-fuer-das-Sauerlandferienlager-St.pdf\" class=\"wp-block-file__button wp-element-button\" download aria-describedby=\"wp-block-file--media-e35e1ae5-9c7d-4fa9-8a8e-47e4d48ed762\">Herunterladen<\/a><\/div>\n<\/div>\n<\/div>\n\n\n\n<p class=\"has-large-font-size\"><strong>F\u00fcr die Anmeldung eines Teilnehmers m\u00fcssen sowohl die Anmeldung als auch die Einverst\u00e4ndniserkl\u00e4rung (2 Seiten) ausgef\u00fcllt werden. <\/strong><\/p>\n\n\n\n\n\n<p><\/p>\n","protected":false},"excerpt":{"rendered":"<p>F\u00fcr die Anmeldung eines Teilnehmers m\u00fcssen sowohl die Anmeldung als auch die Einverst\u00e4ndniserkl\u00e4rung (2 Seiten) ausgef\u00fcllt werden.<\/p>\n","protected":false},"author":2,"featured_media":0,"parent":0,"menu_order":0,"comment_status":"closed","ping_status":"closed","template":"","meta":{"footnotes":""},"class_list":["post-14","page","type-page","status-publish","hentry","entry"],"_links":{"self":[{"href":"https:\/\/sauerlandferienlager-beckum.de\/index.php?rest_route=\/wp\/v2\/pages\/14","targetHints":{"allow":["GET"]}}],"collection":[{"href":"https:\/\/sauerlandferienlager-beckum.de\/index.php?rest_route=\/wp\/v2\/pages"}],"about":[{"href":"https:\/\/sauerlandferienlager-beckum.de\/index.php?rest_route=\/wp\/v2\/types\/page"}],"author":[{"embeddable":true,"href":"https:\/\/sauerlandferienlager-beckum.de\/index.php?rest_route=\/wp\/v2\/users\/2"}],"replies":[{"embeddable":true,"href":"https:\/\/sauerlandferienlager-beckum.de\/index.php?rest_route=%2Fwp%2Fv2%2Fcomments&post=14"}],"version-history":[{"count":12,"href":"https:\/\/sauerlandferienlager-beckum.de\/index.php?rest_route=\/wp\/v2\/pages\/14\/revisions"}],"predecessor-version":[{"id":349,"href":"https:\/\/sauerlandferienlager-beckum.de\/index.php?rest_route=\/wp\/v2\/pages\/14\/revisions\/349"}],"wp:attachment":[{"href":"https:\/\/sauerlandferienlager-beckum.de\/index.php?rest_route=%2Fwp%2Fv2%2Fmedia&parent=14"}],"curies":[{"name":"wp","href":"https:\/\/api.w.org\/{rel}","templated":true}]}}