{"id":371,"date":"2026-04-24T08:34:58","date_gmt":"2026-04-24T06:34:58","guid":{"rendered":"https:\/\/sauerlandferienlager-beckum.de\/?page_id=371"},"modified":"2026-04-24T08:39:55","modified_gmt":"2026-04-24T06:39:55","slug":"unterstuetzer","status":"publish","type":"page","link":"https:\/\/sauerlandferienlager-beckum.de\/?page_id=371","title":{"rendered":"Unterst\u00fctzer"},"content":{"rendered":"\n<p>Unser Ziel ist es jeden Sommer allen Kindern unabh\u00e4ngig vom Geldbeutel der Eltern ein unvergessliches Ferienlager zu erm\u00f6glichen. <\/p>\n\n\n\n<p>Dazu erhalten wir netterweise auch von Beckumer Unternehmen immer wieder Sachen- und Geldspenden, die dazu f\u00fchren, dass wir den Teilnehmerbetrag nur selten anheben m\u00fcssen. <\/p>\n\n\n\n<p>Wenn auch Sie uns auch in jeglicher Weise Unterst\u00fctzen k\u00f6nnen und  m\u00f6chten, kommen Sie gerne jeder Zeit auf uns zu: <em>lagerleiter.sauerland@web.de<\/em> <\/p>\n\n\n\n<p><\/p>\n\n\n\n<figure class=\"wp-block-gallery has-nested-images columns-default is-cropped wp-block-gallery-1 is-layout-flex wp-block-gallery-is-layout-flex\">\n<figure class=\"wp-block-image size-large\"><img loading=\"lazy\" decoding=\"async\" width=\"682\" height=\"180\" data-id=\"378\" src=\"https:\/\/sauerlandferienlager-beckum.de\/wp-content\/uploads\/2026\/04\/Christian_Pfeiffer-Logo.jpg\" alt=\"\" class=\"wp-image-378\" srcset=\"https:\/\/sauerlandferienlager-beckum.de\/wp-content\/uploads\/2026\/04\/Christian_Pfeiffer-Logo.jpg 682w, https:\/\/sauerlandferienlager-beckum.de\/wp-content\/uploads\/2026\/04\/Christian_Pfeiffer-Logo-300x79.jpg 300w\" sizes=\"auto, (max-width: 682px) 100vw, 682px\" \/><\/figure>\n<\/figure>\n","protected":false},"excerpt":{"rendered":"<p>Unser Ziel ist es jeden Sommer allen Kindern unabh\u00e4ngig vom Geldbeutel der Eltern ein unvergessliches Ferienlager zu erm\u00f6glichen. Dazu erhalten wir netterweise auch von Beckumer Unternehmen immer wieder Sachen- und Geldspenden, die dazu f\u00fchren, dass wir den Teilnehmerbetrag nur selten anheben m\u00fcssen. Wenn auch Sie uns auch in jeglicher Weise Unterst\u00fctzen k\u00f6nnen und m\u00f6chten, kommen&hellip; <a class=\"more-link\" href=\"https:\/\/sauerlandferienlager-beckum.de\/?page_id=371\"><span class=\"screen-reader-text\">Unterst\u00fctzer<\/span> weiterlesen<\/a><\/p>\n","protected":false},"author":2,"featured_media":0,"parent":0,"menu_order":0,"comment_status":"closed","ping_status":"closed","template":"","meta":{"footnotes":""},"class_list":["post-371","page","type-page","status-publish","hentry","entry"],"_links":{"self":[{"href":"https:\/\/sauerlandferienlager-beckum.de\/index.php?rest_route=\/wp\/v2\/pages\/371","targetHints":{"allow":["GET"]}}],"collection":[{"href":"https:\/\/sauerlandferienlager-beckum.de\/index.php?rest_route=\/wp\/v2\/pages"}],"about":[{"href":"https:\/\/sauerlandferienlager-beckum.de\/index.php?rest_route=\/wp\/v2\/types\/page"}],"author":[{"embeddable":true,"href":"https:\/\/sauerlandferienlager-beckum.de\/index.php?rest_route=\/wp\/v2\/users\/2"}],"replies":[{"embeddable":true,"href":"https:\/\/sauerlandferienlager-beckum.de\/index.php?rest_route=%2Fwp%2Fv2%2Fcomments&post=371"}],"version-history":[{"count":3,"href":"https:\/\/sauerlandferienlager-beckum.de\/index.php?rest_route=\/wp\/v2\/pages\/371\/revisions"}],"predecessor-version":[{"id":379,"href":"https:\/\/sauerlandferienlager-beckum.de\/index.php?rest_route=\/wp\/v2\/pages\/371\/revisions\/379"}],"wp:attachment":[{"href":"https:\/\/sauerlandferienlager-beckum.de\/index.php?rest_route=%2Fwp%2Fv2%2Fmedia&parent=371"}],"curies":[{"name":"wp","href":"https:\/\/api.w.org\/{rel}","templated":true}]}}

Unterstützer

<p>Unser Ziel ist es jeden Sommer allen Kindern unabhängig vom Geldbeutel der Eltern ein unvergessliches Ferienlager zu ermöglichen. </p>



<p>Dazu erhalten wir netterweise auch von Beckumer Unternehmen immer wieder Sachen- und Geldspenden, die dazu führen, dass wir den Teilnehmerbetrag nur selten anheben müssen. </p>



<p>Wenn auch Sie uns auch in jeglicher Weise Unterstützen können und  möchten, kommen Sie gerne jeder Zeit auf uns zu: <em>lagerleiter.sauerland@web.de</em> </p>



<p></p>



<figure class="wp-block-gallery has-nested-images columns-default is-cropped wp-block-gallery-1 is-layout-flex wp-block-gallery-is-layout-flex">
<figure class="wp-block-image size-large"><img loading="lazy" decoding="async" width="682" height="180" data-id="378" src="https://sauerlandferienlager-beckum.de/wp-content/uploads/2026/04/Christian_Pfeiffer-Logo.jpg" alt="" class="wp-image-378" srcset="https://sauerlandferienlager-beckum.de/wp-content/uploads/2026/04/Christian_Pfeiffer-Logo.jpg 682w, https://sauerlandferienlager-beckum.de/wp-content/uploads/2026/04/Christian_Pfeiffer-Logo-300x79.jpg 300w" sizes="auto, (max-width: 682px) 100vw, 682px" /></figure>
</figure>

<p>Unser Ziel ist es jeden Sommer allen Kindern unabhängig vom Geldbeutel der Eltern ein unvergessliches Ferienlager zu ermöglichen. Dazu erhalten wir netterweise auch von Beckumer Unternehmen immer wieder Sachen- und Geldspenden, die dazu führen, dass wir den Teilnehmerbetrag nur selten anheben müssen. Wenn auch Sie uns auch in jeglicher Weise Unterstützen können und möchten, kommen&hellip; <a class="more-link" href="https://sauerlandferienlager-beckum.de/?page_id=371"><span class="screen-reader-text">Unterstützer</span> weiterlesen</a></p>
